 be y(5). Suppose -p*o = 5*f - 75, 2*o = 5*o - 12. List the prime factors of f.
11
Let m be (-20)/(-15)*(-3)/(-2). What are the prime factors of 60/4*m/3?
2, 5
Let a = 46 + -29. Suppose 0 = q + a - 4. Let l = q - -23. What are the prime factors of l?
2, 5
Suppose -3*s = 19 - 64. Let f = 194 - 54. List the prime factors of f/s*6/4.
2, 7
Let s = -80 + 114. What are the prime factors of s?
2, 17
Let q(t) = t**3 - 10*t**2 - 10*t - 9. Let z be q(11). Let f be (-1)/z*2*-122. Suppose -5*w + f = 27. List the prime factors of w.
19
Let g be 15/1*(-1)/(-3). Suppose g*d = x - 5*x - 33, d - 4*x - 3 = 0. Let p(f) = -f + 3. List the prime factors of p(d).
2
Let j be (-2)/(-1 + (-222)/(-218)). Let l = -69 - j. List the prime factors of ((-16)/l)/(1/(-30)).
2, 3
Let i(d) = 7*d - 2*d + d. Suppose -2 = -3*w + 4. What are the prime factors of i(w)?
2, 3
Let v(u) = -u**2 - 6*u + 3. Let w be v(-6). Let p = 27 + -25. Suppose -3*q + 30 + 6 = w*s, -p*q = 3*s - 36. List the prime factors of s.
2, 3
Let c be 29/3 - 8/12. Let k = c - -3. List the prime factors of ((-8)/k)/((-3)/27).
2, 3
Let t = -13 - -28. Let o be 234/t - 3/5. What are the prime factors of (-102)/(-15) + 3/o?
7
Let s be 2/(-9)*-6*3. Suppose -s - 2 = -n. Suppose q = -q + n. List the prime factors of q.
3
Let z = -6 + 9. Suppose -2*v - 5*p = 15, -z*p - 8 = v - p. List the prime factors of v/(2 + 10/(-4)).
2, 5
List the prime factors of (-160)/(-2) + (0 - 1).
79
Let h(x) be the second derivative of -2*x**3/3 + 4*x**2 + x. Let w(p) = -5*p + 9. Let t(f) = 6*h(f) - 5*w(f). List the prime factors of t(6).
3
Suppose 0 = -3*q - q + 20. Let d(p) = p - 2. Let f be d(q). List the prime factors of f - (-2 + 2)/(-3).
3
Let t(x) = x**2 + x. Let v(g) = 3*g**2 + g - 1. Let o = 4 - 9. Let b(q) = o*t(q) + 2*v(q). What are the prime factors of b(-3)?
2
Suppose 16*z = 22*z - 1356. What are the prime factors of z?
2, 113
Let t(v) = 4*v - 8*v + 8*v. List the prime factors of t(5).
2, 5
Let x(w) = 2*w**2 - 2*w + 12. What are the prime factors of x(-4)?
2, 13
Let w = -1 + 4. What are the prime factors of ((-22)/w)/(4/(-6))?
11
Let r(u) = -u**3 - 8*u**2 - 9*u. Let f be r(-6). Let q = f + 31. What are the prime factors of q?
13
What are the prime factors of 4/30 + (-2336)/(-30)?
2, 3, 13
Let i(z) = z**2 - 6*z + 4. Let g(v) = -2*v - 2. Let l be g(-4). What are the prime factors of i(l)?
2
Suppose 2*j = -2*j - 176. Let m = j - -65. What are the prime factors of m?
3, 7
Suppose 3*h + 4*k = -2*h - 28, -5*k = -5*h - 10. Let y(f) = -3*f + 3. Let j be y(4). Let l = h - j. What are the prime factors of l?
5
Suppose -2*v + 0 = 2. List the prime factors of (v - 5)/((-13)/39).
2, 3
What are the prime factors of (-2 + (-12)/10)/((-12)/390)?
2, 13
Let t be ((-75)/9)/(3/180). List the prime factors of (-4)/14 + t/(-35).
2, 7
Let i(g) = -g + 5*g**3 + g**3 + g**2 + 4 - 5*g**3. Let d be i(0). Suppose 23 = d*r - 9. What are the prime factors of r?
2
Let t(w) = 11*w**2 - 6. List the prime factors of t(4).
2, 5, 17
Suppose 4*r = 1 + 175. List the prime factors of r.
2, 11
Let h be (-2)/4*-1*12. Let d(f) = -f + 6. Let a be d(h). Suppose 3*g - g - 26 = a. List the prime factors of g.
13
Let i be (1 - -119)/(-4) - -4. List the prime factors of i/(3/(24/(-4))).
2, 13
Suppose 0 - 12 = 4*g. Let s = 3 - g. What are the prime factors of s?
2, 3
What are the prime factors of 8275/40 + (-3)/(-24)?
3, 23
Let y(u) = 3*u**2 - 7 - 4*u**2 + 1 + 4*u. Let o be y(4). List the prime factors of 3/o*(-37 - -1).
2, 3
Let n = 135 - 51. Suppose 5*u + 2*m = 238 - n, -5*u + 4*m + 142 = 0. Let t = u + -19. What are the prime factors of t?
11
Suppose -4*x = 4*q + 28, -4*x - 2 - 1 = -q. Let c = 31 - 69. What are the prime factors of c/q + 8/20?
2
Let v(y) = y**2 + 4*y + 4. Let u be v(-4). Let f(n) = 4*n + 3. Let k be f(u). Suppose -5*s + 11 = -k. List the prime factors of s.
2, 3
Let i be 3/(-15) - 402/(-10). Suppose -i = -v - v. What are the prime factors of v?
2, 5
Suppose -2*u + 5 = -j, -4*j = 3*u + 1 - 14. Suppose u*c + 13 = 2*m, 4*m - 2*c = -6*c + 16. What are the prime factors of m?
5
Let o(i) = -i + 3. Let v be o(4). Let h(f) = -6*f + 1. List the prime factors of h(v).
7
Let o(m) = -m**2 + m + 1. Let z(b) = b**2 - b - 4. Let p(y) = -3*o(y) - z(y). Let l be p(1). Let r(a) = 7*a**3 + a**2 - 1. What are the prime factors of r(l)?
7
Suppose -i = -4*f + 15, 0*i = f - 2*i - 2. Suppose 3*x + f + 23 = 0. What are the prime factors of (-12)/x*(-6)/(-4)?
2
List the prime factors of ((-24)/(-14))/((-9)/(-378)).
2, 3
Let c(a) = -a**3 + 12*a**2 + 3*a + 12. Let f be c(12). Suppose -4*k = -0*k - f. List the prime factors of k.
2, 3
Suppose 4*m = g + 28, m - 10 = 5*g - 22. Suppose 0 = -6*q + m*q - 12. What are the prime factors of q?
2, 3
Suppose 4*g = -0*g + 100. List the prime factors of g.
5
Suppose 465 = 5*a - 530. What are the prime factors of a?
199
Suppose 5*j - 6*n + n = -20, 4*n = 0. Suppose 2*k + 0*k - 3*l - 5 = 0, 3*k - 3*l - 3 = 0. List the prime factors of (4 + -5)*(j + k).
2, 3
Suppose 2*q - 4*p + 2 = 40, 4*q + 5*p - 128 = 0. Suppose -d + q = r - 6*d, 0 = -r + 3*d + 29. List the prime factors of r.
2
Suppose -3 = f - 5*w, w - 7 = f - 0. Let x = f + 13. List the prime factors of x/(2 + (-15)/9).
3, 5
Let b(l) = l**2 - 3*l + 1. Let t be b(2). Suppose 6*d = d. What are the prime factors of (-4 + (t - d))*-1?
5
Let h(n) be the second derivative of -2*n**3 + 4*n**2 + 8*n. List the prime factors of h(-3).
2, 11
Let c = 242 + -162. What are the prime factors of c?
2, 5
Suppose -3*j - 6 = 5*p, 5*p + j + 4 = -j. Let b be p - (2 - 2) - -3. Suppose -4*w + 21 = b*i - 20, 0 = -5*i + w + 99. What are the prime factors of i?
19
Let r be 40/6*3/2. Let x(y) = -y**2 + 3. Let o be x(-3). Let v = r + o. List the prime factors of v.
2
Suppose -4*q + 3*q = -35. Let s = 29 - 4. Let o = q - s. List the prime factors of o.
2, 5
List the prime factors of (96/1)/(0 - -1) + -2.
2, 47
Let h(u) = u**2 + 11*u + 5. List the prime factors of h(-20).
5, 37
Let b(s) be the third derivative of s**5/20 + 7*s**4/12 - 2*s**3/3 + 3*s**2. What are the prime factors of b(-6)?
2, 5
Let j(a) = -7*a**2 + 4 + a - 1 + 13*a**2. What are the prime factors of j(-2)?
5
Let b = 0 - -1. Let u(y) = -5*y - 1. Let g be u(b). What are the prime factors of ((-9)/(-2))/(g/(-8))?
2, 3
Let n = -4 + 0. Let l be n/20 - (-11)/5. Suppose d - 4*p - 10 = 0, -4*d - l*p + 44 = -d. List the prime factors of d.
2, 7
List the prime factors of 1*41 + (3 - (-24)/(-4)).
2, 19
Suppose 39*o = 44*o - 45. List the prime factors of o.
3
Suppose 4*t - 5 - 3 = 0, 27 = -5*x - 4*t. What are the prime factors of (-6 - x)/((-2)/(-106))?
53
Suppose -r = -17 - 50. List the prime factors of r.
67
What are the prime factors of (-2)/(-9) + (-55796)/(-261)?
2, 107
Let a = 1 - -4. Suppose -a*k + 2 = -18. Let q = 10 - k. List the prime factors of q.
2, 3
Let w = 8 + -7. Suppose 3*z + 3*r - 30 = 0, w = -5*z + 5*r + 21. What are the prime factors of z?
7
Let y(z) = -7*z - 3. Suppose -3*a + 7 = -8. Suppose -5*k + 10 = -5*o, 0 = -0*o - a*o - k - 10. List the prime factors of y(o).
11
Suppose 4*c + 12 = -0. Let f = 4 - c. What are the prime factors of f?
7
Suppose -6 = 4*w - 2*w. Let u(x) = 5*x**2 + 0*x**2 + x + 3 - 4*x**2. What are the prime factors of u(w)?
3
Let m(f) = -43*f**2 + f. Suppose 0 = -3*x + 3 - 0. Let k be m(x). Let y = -21 - k. What are the prime factors of y?
3, 7
Let v = 196 + 81. List the prime factors of v.
277
Suppose 0 = -6*b + 2*b + 8. Suppose 2 = 3*g + 2*j, -3*g + 4*j + 2 = -6*g. Suppose -4*l - 6 = -5*r + b*r, 2*l + 6 = g*r. What are the prime factors of r?
2, 3
Suppose -3 = a + 2*a, -97 = -5*k + 2*a. What are the prime factors of k?
19
Let u(d) = -d - 6. Let r(l) = l - 5. Let h be r(5). Let f(x) = x - 8. Let o be f(h). List the prime factors of u(o).
2
Suppose -5*r + 272 = -r - 2*y, r + y - 74 = 0. What are the prime factors of r?
2, 5, 7
List the prime factors of (-1 - 3) + 1 + 15.
2, 3
List the prime factors of (2/6)/((-3)/(-90)).
2, 5
Let s(r) = r**3 - 2*r**2 - 7*r - 4. List the prime factors of s(7).
2, 3
Let v = 18 + -8. Suppose -3*z + 2 + v = 0. What are the prime factors of z?
2
Let c(i) = i**2 - 1. Let w(k) = k + 9. Let j be w(-8). Let o(v) = -v**3 - v**2 + v - 1. Let f(a) = j*c(a) + o(a). What are the prime factors of f(-2)?
2
Supp